{"id":775,"date":"2017-05-23T16:04:19","date_gmt":"2017-05-23T14:04:19","guid":{"rendered":"http:\/\/www.udsp62.fr\/?page_id=775"},"modified":"2017-05-23T22:43:01","modified_gmt":"2017-05-23T20:43:01","slug":"jeunes-sapeurs-pompiers-2","status":"publish","type":"page","link":"https:\/\/www.udsp62.fr\/index.php\/les-commissions\/jeunes-sapeurs-pompiers-2\/","title":{"rendered":"Jeunes Sapeurs Pompiers"},"content":{"rendered":"<p><a href=\"https:\/\/www.udsp62.fr\/wp-content\/uploads\/2015\/09\/40309334.jpg\"><img loading=\"lazy\" decoding=\"async\" class=\"size-medium wp-image-665 aligncenter\" src=\"https:\/\/www.udsp62.fr\/wp-content\/uploads\/2015\/09\/40309334-300x225.jpg\" alt=\"\" width=\"300\" height=\"225\" srcset=\"https:\/\/www.udsp62.fr\/wp-content\/uploads\/2015\/09\/40309334-300x225.jpg 300w, https:\/\/www.udsp62.fr\/wp-content\/uploads\/2015\/09\/40309334-360x270.jpg 360w, https:\/\/www.udsp62.fr\/wp-content\/uploads\/2015\/09\/40309334.jpg 640w\" sizes=\"auto, (max-width: 300px) 100vw, 300px\" \/><\/a><\/p>\n<p>&nbsp;<\/p>\n<h1 style=\"text-align: center;\"><strong>Tout\u00a0pour devenir jeune sapeur pompier!<\/strong><\/h1>\n<p>&nbsp;<\/p>\n<p>Un jeune sapeur-pompier (JSP) est un gar\u00e7on ou une fille, de 13 \u00e0 18 ans, qui se retrouve chaque semaine dans les sections de JSP. Il suit une formation tout au long de l\u2019ann\u00e9e scolaire, souvent les mercredis et\/ou samedis, sur 4 ans, pour devenir plus tard Sapeur-Pompier Volontaire (SPV) ou Professionnel.<\/p>\n<p>&nbsp;<\/p>\n<p>Cliquez sur le flyer pour en savoir plus :<\/p>\n<p><a href=\"https:\/\/www.udsp62.fr\/wp-content\/uploads\/2017\/05\/devenez-jsp.jpg\"><img loading=\"lazy\" decoding=\"async\" class=\"aligncenter wp-image-797 size-medium\" src=\"https:\/\/www.udsp62.fr\/wp-content\/uploads\/2017\/05\/devenez-jsp-300x203.jpg\" alt=\"\" width=\"300\" height=\"203\" srcset=\"https:\/\/www.udsp62.fr\/wp-content\/uploads\/2017\/05\/devenez-jsp-300x203.jpg 300w, https:\/\/www.udsp62.fr\/wp-content\/uploads\/2017\/05\/devenez-jsp-768x520.jpg 768w, https:\/\/www.udsp62.fr\/wp-content\/uploads\/2017\/05\/devenez-jsp-1024x694.jpg 1024w, https:\/\/www.udsp62.fr\/wp-content\/uploads\/2017\/05\/devenez-jsp-398x270.jpg 398w\" sizes=\"auto, (max-width: 300px) 100vw, 300px\" \/><\/a><\/p>\n<p>&nbsp;<\/p>\n<p><strong><u>Les JSP repr\u00e9sentent des enjeux\u00a0:<\/u><\/strong><\/p>\n<ul>\n<li>Pr\u00e9parer la rel\u00e8ve des SPV en constituant un vivier de recrutement fiable et de qualit\u00e9 via un cursus de quatre ann\u00e9es,<\/li>\n<li>Donner \u00e0 ces jeunes le go\u00fbt de l\u2019engagement civique en leur apprenant \u00e0 respecter les r\u00e8gles\u00a0; \u00e0 d\u00e9couvrir la notion de hi\u00e9rarchie, les symboles de notre Patrie, les valeurs des sapeurs-pompiers et le go\u00fbt du travail en \u00e9quipe,<\/li>\n<li>Au-del\u00e0 de l\u2019individualisme de notre soci\u00e9t\u00e9, transmettre aux adolescents l\u2019esprit communautaire par la vie de groupe. Leur inculquer les valeurs du travail en \u00e9quipe et de solidarit\u00e9,<\/li>\n<li>Fournir du sens \u00e0 la vie d\u2019un jeune qui en s\u2019engageant va se sentir utile aux autres, va apprendre la responsabilisation et la dimension sociale du contrat qu\u2019il a pris en devenant JSP,<\/li>\n<li>D\u00e9couvrir que rigueur et pers\u00e9v\u00e9rance sont indispensables car le cursus de formations des JSP est exigeant et n\u00e9cessite une remise en question et beaucoup de travail personnel,<\/li>\n<li>Faire appr\u00e9hender aux jeunes les valeurs de solidarit\u00e9, respect de l\u2019autre, passage de relais entre les g\u00e9n\u00e9rations, qui sont essentielles dans la vie d\u2019un centre de secours,<\/li>\n<li>Constituer aux c\u00f4t\u00e9s de l\u2019\u00e9ducation nationale et de leur vie familiale, une autre dimension \u00e9ducative,<\/li>\n<li>Aider \u00e0 la construction d\u2019un jeune vers une vie d\u2019adulte responsable avec des rep\u00e8res citoyens forts, et des bases solides pour l\u2019avenir.<\/li>\n<\/ul>\n<p><strong><u>La formation du JSP\u00a0:<\/u><\/strong><\/p>\n<p>La formation, encadr\u00e9e par des sapeurs-pompiers ou des b\u00e9n\u00e9voles form\u00e9s, se d\u00e9roule g\u00e9n\u00e9ralement les mercredis et\/ou samedis.<\/p>\n<p>Elle est compos\u00e9e de cours th\u00e9oriques et pratiques, de sport et d\u2019initiation aux diff\u00e9rentes facettes de l\u2019activit\u00e9, mais aussi de rencontres sportives, man\u0153uvres, d\u00e9fil\u00e9s ou \u00e9v\u00e8nements.<\/p>\n<p>Elle est d\u00e9clin\u00e9e en 4 modules\u00a0:<\/p>\n<ul>\n<li><strong>JSP1\u00a0:<\/strong> notions \u00e9l\u00e9mentaires sur le feu, d\u00e9couverte du mat\u00e9riel incendie et apprentissage des gestes de premier secours.<\/li>\n<li><strong>JSP2\u00a0:<\/strong> connaissances sur les man\u0153uvres et l\u2019emploi du mat\u00e9riel incendie, culture administrative et s\u00e9curit\u00e9 civile.<\/li>\n<li><strong>JSP3\u00a0:<\/strong> capacit\u00e9 \u00e0 r\u00e9aliser les man\u0153uvres incendie et de sauvetage et \u00e0 mettre en \u0153uvre les mat\u00e9riels.<\/li>\n<li><strong>JSP4\u00a0:<\/strong> r\u00e9alisation de man\u0153uvres, utilisation des moyens radios et formation aux premiers secours en \u00e9quipe.<\/li>\n<\/ul>\n<p>A l\u2019issue de la formation, le JSP obtient le <strong>Brevet National de Jeune Sapeur-Pompier<\/strong>, en passant avec succ\u00e8s les \u00e9preuves th\u00e9oriques, pratiques et sportives. Ce brevet est un atout majeur pour devenir sapeur-pompier volontaire ou professionnel et est particuli\u00e8rement appr\u00e9ci\u00e9 dans le monde du travail.<\/p>\n<p><strong><u>Les textes de r\u00e9f\u00e9rence\u00a0:<\/u><\/strong><\/p>\n<ul>\n<li>Circulaire N\u00b0 NOR\/INTE0800178 du 18 novembre 2008 : suivi m\u00e9dical des jeunes sapeurs-pompiers (JSP)<\/li>\n<li>D\u00e9cret n\u00b0 2012-662 du 4 mai 2012 relatif \u00e0 la valorisation de l&rsquo;engagement des \u00e9l\u00e8ves en tant que jeune sapeur-pompier ou sapeur-pompier volontaire<\/li>\n<li>Arr\u00eat\u00e9 du 18 juillet 2014 relatif \u00e0 la formation des animateurs de jeunes sapeurs-pompiers<\/li>\n<li>R\u00e9f\u00e9rentiel des activit\u00e9s et des comp\u00e9tences animateur de jeunes sapeurs-pompiers (juillet 2014) + Annexe 1 et Annexe 2<\/li>\n<li>Arr\u00eat\u00e9 du 8 octobre 2015 relatif aux jeunes sapeurs-pompiers<\/li>\n<li>Annexes de l&rsquo;arr\u00eat\u00e9 du 08 octobre 2015 &#8211; r\u00e9f\u00e9rentiels formation et \u00e9valuation JSP<strong><u>\u00a0<\/u><\/strong><\/li>\n<\/ul>\n<p><strong><u>La commission JSP au sein du conseil d\u2019administration de l\u2019Union D\u00e9partementale des Sapeurs-Pompiers du Pas-de-Calais\u00a0:<\/u><\/strong><\/p>\n<ul>\n<li><b><strong>Composition\u00a0: <\/strong><\/b>\n<ul>\n<li>D\u00e9l\u00e9gu\u00e9 D\u00e9partemental\u00a0: Lieutenant Ludovic PAPEGAY (CIS Fauquembergues)<\/li>\n<li>Conseiller Technique\u00a0: Lieutenant Gilles BROHEE (GPT Est)<\/li>\n<li>Commandant jean Fran\u00e7ois CHARLET (CPI Loos en Gohelle)<\/li>\n<li>Capitaine Jean-Louis TALLEUX (CIS Montreuil sur Mer)<\/li>\n<li>Commandant Alain FICHAUX (CIS Lumbres)<\/li>\n<li>Capitaine Bruno VANDECASTEELE (CIS Hesdin)<\/li>\n<li>Lieutenant Christophe DEVOS (CIS Ardres)<\/li>\n<li>Adjudant-Chef Henri ARYMANI (CIS Avesnes le Conte)<\/li>\n<li>Adjudant J\u00e9r\u00f4me PRONIEZ (CIS Avion)<\/li>\n<\/ul>\n<\/li>\n<li><strong>Missions de la commission\u00a0:<\/strong>\n<ul>\n<li>Regrouper toutes les sections de JSP de l\u2019UDSP62 sous une m\u00eame entit\u00e9, donner une unit\u00e9 d\u00e9partementale,<\/li>\n<li>Pr\u00e9parer les programmes conjointement avec le groupement formation sport du SDIS 62,<\/li>\n<li>Pr\u00e9parer les jeunes \u00e0 devenir SPV, les int\u00e9grer au corps d\u00e9partemental,<\/li>\n<li>Doter les sections de mat\u00e9riel p\u00e9dagogique et d\u2019effets d\u2019habillement.<\/li>\n<\/ul>\n<\/li>\n<li><strong>Actions r\u00e9alis\u00e9es ou en cours\u00a0:<\/strong>\n<ul>\n<li>Suite \u00e0 la sortie de l\u2019arr\u00eat\u00e9 du 7 mai 2014, donnant \u00e9quivalence, au d\u00e9tenteur du BNSJP, apr\u00e8s un module sans examen, au SSIAP1\u00a0: cr\u00e9ation de stage pour les anciens JSP recrut\u00e9s en qualit\u00e9 de SPV au sein du SDIS62. Ce stage permettra aux jeunes d\u2019obtenir un dipl\u00f4me professionnel et les aidera dans sa recherche d\u2019emploi.<\/li>\n<li>Concernant la circulaire du 18 novembre 2008 sur le suivi m\u00e9dical des JSP\u00a0: mise en place des visites d\u2019aptitude JSP1 et JSP4 prises en charge par le Service de Sant\u00e9 et de Secours M\u00e9dical du SDIS 62.<\/li>\n<li>Travaux en cours sur la mise en application de la r\u00e9forme de formation des JSP (sc\u00e9nario p\u00e9dagogique, programmation \u00e9valuation, etc\u2026)<\/li>\n<li>En cours de cr\u00e9ation d\u2019une convention d\u2019affiliation entre les sections JSP et l\u2019UDSP62 avec une chartre de qualit\u00e9.<\/li>\n<li>En cours de cr\u00e9ation d\u2019une c\u00e9r\u00e9monie de r\u00e9compense pour valoriser nos JSP mais aussi nos animateurs.<\/li>\n<\/ul>\n<\/li>\n<\/ul>\n<p>Cliquez sur l&rsquo;organigramme pour d\u00e9couvrir les membres de la commission JSP:<\/p>\n<p><a href=\"https:\/\/www.udsp62.fr\/wp-content\/uploads\/2017\/05\/organigramme-commission-JSP.jpg\"><img loading=\"lazy\" decoding=\"async\" class=\"aligncenter wp-image-800 size-medium\" src=\"https:\/\/www.udsp62.fr\/wp-content\/uploads\/2017\/05\/organigramme-commission-JSP-300x232.jpg\" alt=\"\" width=\"300\" height=\"232\" srcset=\"https:\/\/www.udsp62.fr\/wp-content\/uploads\/2017\/05\/organigramme-commission-JSP-300x232.jpg 300w, https:\/\/www.udsp62.fr\/wp-content\/uploads\/2017\/05\/organigramme-commission-JSP-768x593.jpg 768w, https:\/\/www.udsp62.fr\/wp-content\/uploads\/2017\/05\/organigramme-commission-JSP-349x270.jpg 349w, https:\/\/www.udsp62.fr\/wp-content\/uploads\/2017\/05\/organigramme-commission-JSP.jpg 915w\" sizes=\"auto, (max-width: 300px) 100vw, 300px\" \/><\/a><\/p>\n<p><strong><u>O\u00f9 devenir jeune sapeur-pompier?<\/u><\/strong><\/p>\n<p>Cliquez sur la carte pour trouver l&rsquo;association pr\u00e8s de chez vous:<\/p>\n<p><a href=\"https:\/\/www.udsp62.fr\/wp-content\/uploads\/2017\/05\/carte-des-Asso-JSP-et-CIS.jpg\"><img loading=\"lazy\" decoding=\"async\" class=\"size-medium wp-image-778 aligncenter\" src=\"https:\/\/www.udsp62.fr\/wp-content\/uploads\/2017\/05\/carte-des-Asso-JSP-et-CIS-300x265.jpg\" alt=\"\" width=\"300\" height=\"265\" srcset=\"https:\/\/www.udsp62.fr\/wp-content\/uploads\/2017\/05\/carte-des-Asso-JSP-et-CIS-300x265.jpg 300w, https:\/\/www.udsp62.fr\/wp-content\/uploads\/2017\/05\/carte-des-Asso-JSP-et-CIS-768x679.jpg 768w, https:\/\/www.udsp62.fr\/wp-content\/uploads\/2017\/05\/carte-des-Asso-JSP-et-CIS-1024x906.jpg 1024w, https:\/\/www.udsp62.fr\/wp-content\/uploads\/2017\/05\/carte-des-Asso-JSP-et-CIS-305x270.jpg 305w\" sizes=\"auto, (max-width: 300px) 100vw, 300px\" \/><\/a><\/p>\n<p>&nbsp;<\/p>\n<p>&nbsp;<\/p>\n","protected":false},"excerpt":{"rendered":"<p>&nbsp; Tout\u00a0pour devenir jeune sapeur pompier! &nbsp; Un jeune sapeur-pompier (JSP) est un gar\u00e7on ou une fille, de 13 \u00e0 18 ans, qui se retrouve chaque semaine dans les sections de JSP. Il suit une formation tout au long de l\u2019ann\u00e9e scolaire, souvent les mercredis et\/ou samedis, sur 4 ans, pour devenir plus tard Sapeur-Pompier Volontaire (SPV) ou Professionnel. &nbsp; Cliquez sur le flyer pour en savoir plus : &nbsp; Les JSP repr\u00e9sentent des enjeux\u00a0: Pr\u00e9parer la rel\u00e8ve des SPV&#8230;<\/p>\n<p class=\"read-more\"><a class=\"btn btn-default\" href=\"https:\/\/www.udsp62.fr\/index.php\/les-commissions\/jeunes-sapeurs-pompiers-2\/\">Lire la suite<span class=\"screen-reader-text\"> Lire la suite<\/span><\/a><\/p>\n","protected":false},"author":1,"featured_media":797,"parent":137,"menu_order":1,"comment_status":"closed","ping_status":"closed","template":"","meta":{"spay_email":"","footnotes":""},"class_list":["post-775","page","type-page","status-publish","has-post-thumbnail","hentry"],"jetpack_sharing_enabled":true,"jetpack_shortlink":"https:\/\/wp.me\/P81piT-cv","_links":{"self":[{"href":"https:\/\/www.udsp62.fr\/index.php\/wp-json\/wp\/v2\/pages\/775","targetHints":{"allow":["GET"]}}],"collection":[{"href":"https:\/\/www.udsp62.fr\/index.php\/wp-json\/wp\/v2\/pages"}],"about":[{"href":"https:\/\/www.udsp62.fr\/index.php\/wp-json\/wp\/v2\/types\/page"}],"author":[{"embeddable":true,"href":"https:\/\/www.udsp62.fr\/index.php\/wp-json\/wp\/v2\/users\/1"}],"replies":[{"embeddable":true,"href":"https:\/\/www.udsp62.fr\/index.php\/wp-json\/wp\/v2\/comments?post=775"}],"version-history":[{"count":7,"href":"https:\/\/www.udsp62.fr\/index.php\/wp-json\/wp\/v2\/pages\/775\/revisions"}],"predecessor-version":[{"id":804,"href":"https:\/\/www.udsp62.fr\/index.php\/wp-json\/wp\/v2\/pages\/775\/revisions\/804"}],"up":[{"embeddable":true,"href":"https:\/\/www.udsp62.fr\/index.php\/wp-json\/wp\/v2\/pages\/137"}],"wp:featuredmedia":[{"embeddable":true,"href":"https:\/\/www.udsp62.fr\/index.php\/wp-json\/wp\/v2\/media\/797"}],"wp:attachment":[{"href":"https:\/\/www.udsp62.fr\/index.php\/wp-json\/wp\/v2\/media?parent=775"}],"curies":[{"name":"wp","href":"https:\/\/api.w.org\/{rel}","templated":true}]}}

<p><a href="https://www.udsp62.fr/wp-content/uploads/2015/09/40309334.jpg"><img loading="lazy" decoding="async" class="size-medium wp-image-665 aligncenter" src="https://www.udsp62.fr/wp-content/uploads/2015/09/40309334-300x225.jpg" alt="" width="300" height="225" srcset="https://www.udsp62.fr/wp-content/uploads/2015/09/40309334-300x225.jpg 300w, https://www.udsp62.fr/wp-content/uploads/2015/09/40309334-360x270.jpg 360w, https://www.udsp62.fr/wp-content/uploads/2015/09/40309334.jpg 640w" sizes="auto, (max-width: 300px) 100vw, 300px" /></a></p>
<p>&nbsp;</p>
<h1 style="text-align: center;"><strong>Tout pour devenir jeune sapeur pompier!</strong></h1>
<p>&nbsp;</p>
<p>Un jeune sapeur-pompier (JSP) est un garçon ou une fille, de 13 à 18 ans, qui se retrouve chaque semaine dans les sections de JSP. Il suit une formation tout au long de l’année scolaire, souvent les mercredis et/ou samedis, sur 4 ans, pour devenir plus tard Sapeur-Pompier Volontaire (SPV) ou Professionnel.</p>
<p>&nbsp;</p>
<p>Cliquez sur le flyer pour en savoir plus :</p>
<p><a href="https://www.udsp62.fr/wp-content/uploads/2017/05/devenez-jsp.jpg"><img loading="lazy" decoding="async" class="aligncenter wp-image-797 size-medium" src="https://www.udsp62.fr/wp-content/uploads/2017/05/devenez-jsp-300x203.jpg" alt="" width="300" height="203" srcset="https://www.udsp62.fr/wp-content/uploads/2017/05/devenez-jsp-300x203.jpg 300w, https://www.udsp62.fr/wp-content/uploads/2017/05/devenez-jsp-768x520.jpg 768w, https://www.udsp62.fr/wp-content/uploads/2017/05/devenez-jsp-1024x694.jpg 1024w, https://www.udsp62.fr/wp-content/uploads/2017/05/devenez-jsp-398x270.jpg 398w" sizes="auto, (max-width: 300px) 100vw, 300px" /></a></p>
<p>&nbsp;</p>
<p><strong><u>Les JSP représentent des enjeux :</u></strong></p>
<ul>
<li>Préparer la relève des SPV en constituant un vivier de recrutement fiable et de qualité via un cursus de quatre années,</li>
<li>Donner à ces jeunes le goût de l’engagement civique en leur apprenant à respecter les règles ; à découvrir la notion de hiérarchie, les symboles de notre Patrie, les valeurs des sapeurs-pompiers et le goût du travail en équipe,</li>
<li>Au-delà de l’individualisme de notre société, transmettre aux adolescents l’esprit communautaire par la vie de groupe. Leur inculquer les valeurs du travail en équipe et de solidarité,</li>
<li>Fournir du sens à la vie d’un jeune qui en s’engageant va se sentir utile aux autres, va apprendre la responsabilisation et la dimension sociale du contrat qu’il a pris en devenant JSP,</li>
<li>Découvrir que rigueur et persévérance sont indispensables car le cursus de formations des JSP est exigeant et nécessite une remise en question et beaucoup de travail personnel,</li>
<li>Faire appréhender aux jeunes les valeurs de solidarité, respect de l’autre, passage de relais entre les générations, qui sont essentielles dans la vie d’un centre de secours,</li>
<li>Constituer aux côtés de l’éducation nationale et de leur vie familiale, une autre dimension éducative,</li>
<li>Aider à la construction d’un jeune vers une vie d’adulte responsable avec des repères citoyens forts, et des bases solides pour l’avenir.</li>
</ul>
<p><strong><u>La formation du JSP :</u></strong></p>
<p>La formation, encadrée par des sapeurs-pompiers ou des bénévoles formés, se déroule généralement les mercredis et/ou samedis.</p>
<p>Elle est composée de cours théoriques et pratiques, de sport et d’initiation aux différentes facettes de l’activité, mais aussi de rencontres sportives, manœuvres, défilés ou évènements.</p>
<p>Elle est déclinée en 4 modules :</p>
<ul>
<li><strong>JSP1 :</strong> notions élémentaires sur le feu, découverte du matériel incendie et apprentissage des gestes de premier secours.</li>
<li><strong>JSP2 :</strong> connaissances sur les manœuvres et l’emploi du matériel incendie, culture administrative et sécurité civile.</li>
<li><strong>JSP3 :</strong> capacité à réaliser les manœuvres incendie et de sauvetage et à mettre en œuvre les matériels.</li>
<li><strong>JSP4 :</strong> réalisation de manœuvres, utilisation des moyens radios et formation aux premiers secours en équipe.</li>
</ul>
<p>A l’issue de la formation, le JSP obtient le <strong>Brevet National de Jeune Sapeur-Pompier</strong>, en passant avec succès les épreuves théoriques, pratiques et sportives. Ce brevet est un atout majeur pour devenir sapeur-pompier volontaire ou professionnel et est particulièrement apprécié dans le monde du travail.</p>
<p><strong><u>Les textes de référence :</u></strong></p>
<ul>
<li>Circulaire N° NOR/INTE0800178 du 18 novembre 2008 : suivi médical des jeunes sapeurs-pompiers (JSP)</li>
<li>Décret n° 2012-662 du 4 mai 2012 relatif à la valorisation de l&rsquo;engagement des élèves en tant que jeune sapeur-pompier ou sapeur-pompier volontaire</li>
<li>Arrêté du 18 juillet 2014 relatif à la formation des animateurs de jeunes sapeurs-pompiers</li>
<li>Référentiel des activités et des compétences animateur de jeunes sapeurs-pompiers (juillet 2014) + Annexe 1 et Annexe 2</li>
<li>Arrêté du 8 octobre 2015 relatif aux jeunes sapeurs-pompiers</li>
<li>Annexes de l&rsquo;arrêté du 08 octobre 2015 &#8211; référentiels formation et évaluation JSP<strong><u> </u></strong></li>
</ul>
<p><strong><u>La commission JSP au sein du conseil d’administration de l’Union Départementale des Sapeurs-Pompiers du Pas-de-Calais :</u></strong></p>
<ul>
<li><b><strong>Composition : </strong></b>
<ul>
<li>Délégué Départemental : Lieutenant Ludovic PAPEGAY (CIS Fauquembergues)</li>
<li>Conseiller Technique : Lieutenant Gilles BROHEE (GPT Est)</li>
<li>Commandant jean François CHARLET (CPI Loos en Gohelle)</li>
<li>Capitaine Jean-Louis TALLEUX (CIS Montreuil sur Mer)</li>
<li>Commandant Alain FICHAUX (CIS Lumbres)</li>
<li>Capitaine Bruno VANDECASTEELE (CIS Hesdin)</li>
<li>Lieutenant Christophe DEVOS (CIS Ardres)</li>
<li>Adjudant-Chef Henri ARYMANI (CIS Avesnes le Conte)</li>
<li>Adjudant Jérôme PRONIEZ (CIS Avion)</li>
</ul>
</li>
<li><strong>Missions de la commission :</strong>
<ul>
<li>Regrouper toutes les sections de JSP de l’UDSP62 sous une même entité, donner une unité départementale,</li>
<li>Préparer les programmes conjointement avec le groupement formation sport du SDIS 62,</li>
<li>Préparer les jeunes à devenir SPV, les intégrer au corps départemental,</li>
<li>Doter les sections de matériel pédagogique et d’effets d’habillement.</li>
</ul>
</li>
<li><strong>Actions réalisées ou en cours :</strong>
<ul>
<li>Suite à la sortie de l’arrêté du 7 mai 2014, donnant équivalence, au détenteur du BNSJP, après un module sans examen, au SSIAP1 : création de stage pour les anciens JSP recrutés en qualité de SPV au sein du SDIS62. Ce stage permettra aux jeunes d’obtenir un diplôme professionnel et les aidera dans sa recherche d’emploi.</li>
<li>Concernant la circulaire du 18 novembre 2008 sur le suivi médical des JSP : mise en place des visites d’aptitude JSP1 et JSP4 prises en charge par le Service de Santé et de Secours Médical du SDIS 62.</li>
<li>Travaux en cours sur la mise en application de la réforme de formation des JSP (scénario pédagogique, programmation évaluation, etc…)</li>
<li>En cours de création d’une convention d’affiliation entre les sections JSP et l’UDSP62 avec une chartre de qualité.</li>
<li>En cours de création d’une cérémonie de récompense pour valoriser nos JSP mais aussi nos animateurs.</li>
</ul>
</li>
</ul>
<p>Cliquez sur l&rsquo;organigramme pour découvrir les membres de la commission JSP:</p>
<p><a href="https://www.udsp62.fr/wp-content/uploads/2017/05/organigramme-commission-JSP.jpg"><img loading="lazy" decoding="async" class="aligncenter wp-image-800 size-medium" src="https://www.udsp62.fr/wp-content/uploads/2017/05/organigramme-commission-JSP-300x232.jpg" alt="" width="300" height="232" srcset="https://www.udsp62.fr/wp-content/uploads/2017/05/organigramme-commission-JSP-300x232.jpg 300w, https://www.udsp62.fr/wp-content/uploads/2017/05/organigramme-commission-JSP-768x593.jpg 768w, https://www.udsp62.fr/wp-content/uploads/2017/05/organigramme-commission-JSP-349x270.jpg 349w, https://www.udsp62.fr/wp-content/uploads/2017/05/organigramme-commission-JSP.jpg 915w" sizes="auto, (max-width: 300px) 100vw, 300px" /></a></p>
<p><strong><u>Où devenir jeune sapeur-pompier?</u></strong></p>
<p>Cliquez sur la carte pour trouver l&rsquo;association près de chez vous:</p>
<p><a href="https://www.udsp62.fr/wp-content/uploads/2017/05/carte-des-Asso-JSP-et-CIS.jpg"><img loading="lazy" decoding="async" class="size-medium wp-image-778 aligncenter" src="https://www.udsp62.fr/wp-content/uploads/2017/05/carte-des-Asso-JSP-et-CIS-300x265.jpg" alt="" width="300" height="265" srcset="https://www.udsp62.fr/wp-content/uploads/2017/05/carte-des-Asso-JSP-et-CIS-300x265.jpg 300w, https://www.udsp62.fr/wp-content/uploads/2017/05/carte-des-Asso-JSP-et-CIS-768x679.jpg 768w, https://www.udsp62.fr/wp-content/uploads/2017/05/carte-des-Asso-JSP-et-CIS-1024x906.jpg 1024w, https://www.udsp62.fr/wp-content/uploads/2017/05/carte-des-Asso-JSP-et-CIS-305x270.jpg 305w" sizes="auto, (max-width: 300px) 100vw, 300px" /></a></p>
<p>&nbsp;</p>
<p>&nbsp;</p>

<p>&nbsp; Tout pour devenir jeune sapeur pompier! &nbsp; Un jeune sapeur-pompier (JSP) est un garçon ou une fille, de 13 à 18 ans, qui se retrouve chaque semaine dans les sections de JSP. Il suit une formation tout au long de l’année scolaire, souvent les mercredis et/ou samedis, sur 4 ans, pour devenir plus tard Sapeur-Pompier Volontaire (SPV) ou Professionnel. &nbsp; Cliquez sur le flyer pour en savoir plus : &nbsp; Les JSP représentent des enjeux : Préparer la relève des SPV&#8230;</p>
<p class="read-more"><a class="btn btn-default" href="https://www.udsp62.fr/index.php/les-commissions/jeunes-sapeurs-pompiers-2/">Lire la suite<span class="screen-reader-text"> Lire la suite</span></a></p>
